{"id":278,"date":"2015-05-12T10:46:13","date_gmt":"2015-05-12T09:46:13","guid":{"rendered":"http:\/\/www.unpaspourlasante.fr\/?page_id=278"},"modified":"2020-04-30T16:35:33","modified_gmt":"2020-04-30T15:35:33","slug":"interview-de-yves-requena","status":"publish","type":"page","link":"https:\/\/www.unpaspourlasante.fr\/?page_id=278","title":{"rendered":"Interview de Yves R\u00e9qu\u00e9na"},"content":{"rendered":"<p><strong> Interview du Docteur Yves R\u00e9qu\u00e9na<\/strong><\/p>\n<table style=\"width: 100%;\" border=\"0\">\n<tbody>\n<tr>\n<td colspan=\"2\" rowspan=\"1\"><span style=\"font-family: Helvetica,Arial,sans-serif;\">Le Docteur Yves R\u00e9qu\u00e9na est un m\u00e9decin fran\u00e7ais qui s\u2019est sp\u00e9cialis\u00e9 en acupuncture, au cours de ses \u00e9tudes m\u00e9dicales, d\u00e8s 1971. Ayant pass\u00e9 sa th\u00e8se de doctorat \u00e0 Marseille en 1974 en pionnier sur le sujet de l\u2019acupuncture en gastro-ent\u00e9rologie, il d\u00e9couvre un an apr\u00e8s \u00eatre dipl\u00f4m\u00e9, en 1975, le traitement pour arr\u00eater de fumer avec deux aiguilles en une seule\u00a0 s\u00e9ance. Puis il enseigne l\u2019acupuncture \u00e0 la facult\u00e9 de m\u00e9decine de Marseille et oriente ses recherches sur la notion de terrains en acupuncture, de constitutions et de temp\u00e9raments, s\u2019attachant \u00e0 d\u00e9montrer le lien entre le caract\u00e8re, les \u00e9motions avec les \u00e9nergies des m\u00e9ridiens et les maladies.<br \/>\n<\/span><\/td>\n<\/tr>\n<tr>\n<td><span style=\"font-family: Helvetica,Arial,sans-serif;\">\u00a0Ses d\u00e9couvertes s\u2019expriment en 1 encyclop\u00e9die m\u00e9dicale de 1500 pages en 3 volumes : \u00ab Terrains et pathologies en acupuncture \u00bb qu\u2019il simplifie pour le grand public dans \u00ab Acupuncture et psychologie \u00bb paru en 1982.<br \/>\nAuteur de multiples ouvrages publi\u00e9s dans de nombreux pays, il dirige actuellement l\u2019Institut Europ\u00e9en de Qi Gong et<br \/>\nYang Sheng.<\/span><\/td>\n<td style=\"width: 310px;\">Il a accept\u00e9 de r\u00e9pondre \u00e0 nos questions en mars 2015.<object data=\"http:\/\/www.youtube.com\/v\/6H0pYfMqH3s&amp;hl=fr_FR&amp;fs=1&amp;\" type=\"application\/x-shockwave-flash\" width=\"303\" height=\"183\"><param name=\"movie\" value=\"http:\/\/www.youtube.com\/v\/6H0pYfMqH3s&amp;hl=fr_FR&amp;fs=1&amp;\" \/><param name=\"allowfullscreen\" value=\"true\" \/><\/object><\/td>\n<\/tr>\n<tr>\n<td><span style=\"font-family: Helvetica,Arial,sans-serif;\">\u00a0Le Dr R\u00e9qu\u00e9na publiera en septembre 2020, un ouvrage co-\u00e9crit avec Christophe Cadene sur le Qi gong de Guolin aux \u00e9dition Tr\u00e9daniel.<\/span><\/td>\n<td style=\"width: 310px;\">Ainsi qu&#8217;en mars 2020.<object data=\"http:\/\/www.youtube.com\/v\/L2_JHFfy6eM&amp;hl=fr_FR&amp;fs=1&amp;\" type=\"application\/x-shockwave-flash\" width=\"303\" height=\"183\"><param name=\"movie\" value=\"http:\/\/www.youtube.com\/v\/L2_JHFfy6eM&amp;hl=fr_FR&amp;fs=1&amp;\" \/><param name=\"allowfullscreen\" value=\"true\" \/><\/object><\/td>\n<\/tr>\n<\/tbody>\n<\/table>\n<table style=\"width: 100%;\" border=\"0\">\n<tbody>\n<tr>\n<td style=\"width: 155px; text-align: center;\"><a href=\"https:\/\/www.unpaspourlasante.fr\/wp-content\/uploads\/2015\/04\/mezliudongnb.jpg\"><img decoding=\"async\" class=\"alignnone size-full wp-image-249\" style=\"width: 150px; height: 110px;\" src=\"https:\/\/www.unpaspourlasante.fr\/wp-content\/uploads\/2015\/05\/req.jpg\" alt=\"requena\" \/><\/a><\/td>\n<td><strong><strong> Entretien complet avec le Dct <span style=\"font-family: Helvetica,Arial,sans-serif;\">Yves<br \/>\nR\u00e9qu\u00e9na<\/span> sur ses retours d&#8217;exp\u00e9rience sur le Qi Gong et<br \/>\nles maladies chroniques<\/strong><\/strong><\/td>\n<\/tr>\n<\/tbody>\n<\/table>\n<p>Yves R\u00e9qu\u00e9na revient rapidement sur ses d\u00e9buts, l&#8217;introduction du Qi Gong en Europe avant de mettre en avant les atouts de la pratique du Qi Gong pendant le traitement de maladies chroniques ou d&#8217;un cancer. Il expose des r\u00e9sultats mesurables et mesur\u00e9s lors d&#8217;\u00e9tudes effectu\u00e9es dans diff\u00e9rents pays mais aussi ses exp\u00e9riences personnelles.<\/p>\n","protected":false},"excerpt":{"rendered":"<p>Interview du Docteur Yves R\u00e9qu\u00e9na Le Docteur Yves R\u00e9qu\u00e9na est un m\u00e9decin fran\u00e7ais qui s\u2019est sp\u00e9cialis\u00e9 en acupuncture, au cours de ses \u00e9tudes m\u00e9dicales, d\u00e8s 1971. Ayant pass\u00e9 sa th\u00e8se de doctorat \u00e0 Marseille en 1974 en pionnier sur le sujet de l\u2019acupuncture en gastro-ent\u00e9rologie, il d\u00e9couvre un an apr\u00e8s \u00eatre dipl\u00f4m\u00e9, en 1975, le [&hellip;]<\/p>\n","protected":false},"author":1,"featured_media":0,"parent":0,"menu_order":0,"comment_status":"closed","ping_status":"closed","template":"","meta":{"footnotes":""},"folder":[],"class_list":["post-278","page","type-page","status-publish","hentry"],"_links":{"self":[{"href":"https:\/\/www.unpaspourlasante.fr\/index.php?rest_route=\/wp\/v2\/pages\/278","targetHints":{"allow":["GET"]}}],"collection":[{"href":"https:\/\/www.unpaspourlasante.fr\/index.php?rest_route=\/wp\/v2\/pages"}],"about":[{"href":"https:\/\/www.unpaspourlasante.fr\/index.php?rest_route=\/wp\/v2\/types\/page"}],"author":[{"embeddable":true,"href":"https:\/\/www.unpaspourlasante.fr\/index.php?rest_route=\/wp\/v2\/users\/1"}],"replies":[{"embeddable":true,"href":"https:\/\/www.unpaspourlasante.fr\/index.php?rest_route=%2Fwp%2Fv2%2Fcomments&post=278"}],"version-history":[{"count":7,"href":"https:\/\/www.unpaspourlasante.fr\/index.php?rest_route=\/wp\/v2\/pages\/278\/revisions"}],"predecessor-version":[{"id":1268,"href":"https:\/\/www.unpaspourlasante.fr\/index.php?rest_route=\/wp\/v2\/pages\/278\/revisions\/1268"}],"wp:attachment":[{"href":"https:\/\/www.unpaspourlasante.fr\/index.php?rest_route=%2Fwp%2Fv2%2Fmedia&parent=278"}],"wp:term":[{"taxonomy":"folder","embeddable":true,"href":"https:\/\/www.unpaspourlasante.fr\/index.php?rest_route=%2Fwp%2Fv2%2Ffolder&post=278"}],"curies":[{"name":"wp","href":"https:\/\/api.w.org\/{rel}","templated":true}]}}