{"id":254,"date":"2015-05-11T20:39:18","date_gmt":"2015-05-11T19:39:18","guid":{"rendered":"http:\/\/www.unpaspourlasante.fr\/?page_id=254"},"modified":"2015-05-22T15:22:21","modified_gmt":"2015-05-22T14:22:21","slug":"ils-nous-soutiennent","status":"publish","type":"page","link":"https:\/\/www.unpaspourlasante.fr\/?page_id=254","title":{"rendered":"Ils nous soutiennent"},"content":{"rendered":"<p><span style=\"font-family: Helvetica,Arial,sans-serif;\">L&#8217;initiative &#8220;Un pas pour la sant\u00e9&#8221; les a interpel\u00e9, puis s\u00e9duit puis convaincu. Ils soutiennent aujourd&#8217;hui activement le projet en mettant en avant les atouts des pratiques \u00e9nerg\u00e9tiques, corporelles, sportives ou m\u00e9ditatives dans l&#8217;accompagnement des patients dans la prise en charge de leur \u00e9tat de sant\u00e9.<\/span><\/p>\n<table style=\"width: 100%;\" border=\"0\">\n<tbody>\n<tr>\n<td>\u00a0<a href=\"https:\/\/www.unpaspourlasante.fr\/wp-content\/uploads\/2015\/05\/liudong1.jpg\"><img loading=\"lazy\" decoding=\"async\" class=\"size-full wp-image-259 aligncenter\" src=\"https:\/\/www.unpaspourlasante.fr\/wp-content\/uploads\/2015\/05\/liudong1.jpg\" alt=\"liudong\" width=\"117\" height=\"163\" \/><\/a><\/td>\n<td><span style=\"font-family: Helvetica,Arial,sans-serif;\"><span style=\"font-weight: bold;\">Liu Dong<br \/>\n<\/span>Le Docteur Liu Dong est dipl\u00f4m\u00e9 et enseignant de la Facult\u00e9 de M\u00e9decine Traditionnelle Chinoise de P\u00e9kin. Son grand p\u00e8re, lui<br \/>\nm\u00eame m\u00e9decin traditionnel et pratiquant l\u2019art tao\u00efste du Yang Shen lui a enseign\u00e9, d\u00e8s son plus jeune \u00e2ge, un Qi Gong originel issu<br \/>\nd\u2019une lign\u00e9e ancestrale qui a su pr\u00e9server toute la dimension spirituelle de ce savoir.<br \/>\nIl est r\u00e9guli\u00e8rement appel\u00e9 pour enseigner ses propres formes dans de nombreux pays dans le monde.<br \/>\nLiu Dong enseigne et poursuit ces recherches aux Etats Unis mais a bien voulu s&#8217;entretenir avec nous en fran\u00e7ai<span style=\"font-weight: bold;\">s (<a href=\"https:\/\/www.unpaspourlasante.fr\/?page_id=237\">voir son interview<\/a>)<\/span><span id=\"result_box\" class=\"\" lang=\"fr\"><\/span><\/span><\/td>\n<\/tr>\n<tr>\n<td><a href=\"https:\/\/www.unpaspourlasante.fr\/wp-content\/uploads\/2015\/05\/requena.jpg\"><br \/>\n<img loading=\"lazy\" decoding=\"async\" class=\" wp-image-257 aligncenter\" src=\"https:\/\/www.unpaspourlasante.fr\/wp-content\/uploads\/2015\/05\/requena.jpg\" alt=\"requena\" width=\"114\" height=\"138\" \/><\/a><\/td>\n<td><span style=\"font-family: Helvetica,Arial,sans-serif;\"><span style=\"font-weight: bold;\">Yves R\u00e9qu\u00e9na<br \/>\n<\/span>Le Docteur Yves R\u00e9qu\u00e9na est un m\u00e9decin fran\u00e7ais qui s\u2019est sp\u00e9cialis\u00e9 en acupuncture, au cours de ses \u00e9tudes m\u00e9dicales, d\u00e8s 1971. Ayant<br \/>\npass\u00e9 sa th\u00e8se de doctorat \u00e0 Marseille en 1974 en pionnier sur le sujet de l\u2019acupuncture en gastro-ent\u00e9rologie, il d\u00e9couvre un an apr\u00e8s \u00eatre dipl\u00f4m\u00e9, en 1975, le traitement pour arr\u00eater de fumer avec deux aiguilles en une seule s\u00e9ance. Puis il enseigne l\u2019acupuncture \u00e0 la facult\u00e9 de m\u00e9decine de Marseille et oriente ses recherches sur la notion de terrains en acupuncture,<br \/>\nde constitutions et de temp\u00e9raments, s\u2019attachant \u00e0 d\u00e9montrer le lien entre le caract\u00e8re, les \u00e9motions avec les \u00e9nergies des m\u00e9ridiens et les maladies. Ses d\u00e9couvertes s\u2019expriment en 1 encyclop\u00e9die m\u00e9dicale de 1500 pages en 3 volumes : \u00ab Terrains et pathologies en acupuncture \u00bb qu\u2019il simplifie pour le grand public dans \u00ab Acupuncture et psychologie \u00bb paru en 1982.<br \/>\nAuteur de multiples ouvrages publi\u00e9s dans de nombreux pays, il dirige actuellement l&#8217;Institut Europ\u00e9en de Qi Gong et Yang Sheng.<br \/>\n<\/span>(<a href=\"https:\/\/www.unpaspourlasante.fr\/?page_id=278\">voir son interview<\/a>)<span style=\"font-family: Helvetica,Arial,sans-serif;\"><br \/>\n<\/span><\/td>\n<\/tr>\n<tr>\n<td style=\"width: 265.5px; text-align: center;\"><a href=\"https:\/\/www.unpaspourlasante.fr\/wp-content\/uploads\/2015\/05\/mouysset.jpg\"><br \/>\n<img loading=\"lazy\" decoding=\"async\" class=\"alignnone  wp-image-308\" src=\"https:\/\/www.unpaspourlasante.fr\/wp-content\/uploads\/2015\/05\/mouysset.jpg\" alt=\"mouysset\" width=\"123\" height=\"123\" \/><\/a><\/td>\n<td style=\"width: 901.5px;\"><span style=\"font-family: Helvetica,Arial,sans-serif;\"><span style=\"font-family: Helvetica,Arial,sans-serif;\"><span style=\"font-weight: bold;\">Jean Loup Mouysset<\/span><br \/>\n<span style=\"font-family: Helvetica,Arial,sans-serif;\">Le Docteur Jean Loup Mouysset est Oncologue m\u00e9dical et fondateur de l\u2019Association Ressource et du Centre ressource. Il a \u00e9t\u00e9 \u00e9lu Entrepreneur Social Ashoka-France 2010.<\/span><span style=\"font-family: Helvetica,Arial,sans-serif;\"><br \/>\nLe Centre Ressource est localis\u00e9 \u00e0 Aix en Provence dans les Bouches du Rh\u00f4ne. Lieu d\u2019accueil pour les personnes touch\u00e9es par le cancer, le Centre Ressource est une premi\u00e8re en France dans l\u2019approche du suivi des malades du cancer et de leurs proches.<br \/>\nPorter un autre regard sur le cancer, telle est l\u2019ambition du projet initi\u00e9 par le Docteur Jean-Loup Mouysset et de son \u00e9quipe.<br \/>\nLa particularit\u00e9 du Centre Ressource d\u2019Aix en Provence est de cr\u00e9er un contexte de soutien qui permet aux personnes touch\u00e9es par le cancer de porter un autre regard sur leur maladie. A un moment o\u00f9 les indispensables traitements se focalisent sur la maladie, la personne atteinte de cancer (et l\u2019entourage) est rassur\u00e9e\/s\u00e9curis\u00e9e et accompagn\u00e9e afin qu\u2019elle devienne actrice de sa sant\u00e9\u00a0 et traverser l\u2019\u00e9preuve du cancer pour de meilleures chances de gu\u00e9rison.<br \/>\n<\/span><\/span><\/span>(<a href=\"https:\/\/www.youtube.com\/watch?v=fmYzFgZmo8s\">voir son interview<\/a>)<span style=\"font-family: Helvetica,Arial,sans-serif;\"><br \/>\n<\/span><\/td>\n<\/tr>\n<tr>\n<td>\u00a0<a href=\"https:\/\/www.unpaspourlasante.fr\/wp-content\/uploads\/2015\/05\/liuhe.png\"><img loading=\"lazy\" decoding=\"async\" class=\"wp-image-301 aligncenter\" src=\"https:\/\/www.unpaspourlasante.fr\/wp-content\/uploads\/2015\/05\/liuhe.png\" alt=\"liuhe\" width=\"134\" height=\"141\" \/><\/a><\/td>\n<td><strong>Liu He<br \/>\n<\/strong><span id=\"result_box\" class=\"\" lang=\"fr\"><span title=\"Master Liu He, world renowned Qigong Master &amp; author, began her Taoist Medical training at the tender age of four under the strict, but loving guidance of her grandfather, a highly respected Qigong Master and Chinese Medical Doctor who treated the last emperor of China.\">Ma\u00eetre Liu He, est Ma\u00eetre de Qigong et auteur de renomm\u00e9e mondiale. Elle a commenc\u00e9 sa formation tao\u00efste m\u00e9dicale \u00e0 l&#8217;\u00e2ge de quatre ans sous le strict, mais bienveillant enseignement de son grand-p\u00e8re, un tr\u00e8s respect\u00e9 Ma\u00eetre de Qigong et docteur en m\u00e9decine chinoise qui a trait\u00e9 le dernier empereur de Chine. <\/span><span title=\"By age 14, Liu He had attained the level of Qigong Master and was given permission by her grandfather to teach and perform healing techniques on others, a privilege traditionally reserved only for men.\">\u00c0 14 ans, Liu He avait atteint le niveau de Ma\u00eetre de Qigong et a obtenu la permission par son grand-p\u00e8re pour enseigner et effectuer des techniques de gu\u00e9rison sur les autres, un privil\u00e8ge traditionnellement r\u00e9serv\u00e9 aux hommes. <\/span><span title=\"Her life has been dedicated to sharing with others all that has been given to her.\">Sa vie a \u00e9t\u00e9 consacr\u00e9e \u00e0 partager avec les autres tout ce qui lui a \u00e9t\u00e9 l\u00e9gu\u00e9. <\/span><span title=\"Since leaving China in 1989, Liu He has taught Qigong and healing techniques extensively throughout Europe.\">Depuis qu&#8217;elle a quitt\u00e9 la Chine en 1989, Liu He a enseign\u00e9 le Qigong dans toute l&#8217;Europe.<\/span> <span title=\"After moving to the United States, she opened the US branch of Ling Gui International Healing Qigong School in Seattle, Washington and Portland, Oregon.\">Apr\u00e8s avoir d\u00e9m\u00e9nag\u00e9 aux \u00c9tats-Unis, elle a ouvert la branche am\u00e9ricaine de Ling Gui Qigong International School Healing \u00e0 Seattle, Washington et Portland, Oregon. <\/span><span title=\"She is also on the faculty of the Oregon College of Oriental Medicine teaching their advanced level students.\">Elle est \u00e9galement membre de la facult\u00e9 du Coll\u00e8ge de l&#8217;Oregon pour enseigner la m\u00e9decine orientale aux \u00e9tudiants de niveau avanc\u00e9.<\/span><\/span><\/td>\n<\/tr>\n<tr>\n<td>\u00a0<a href=\"https:\/\/www.unpaspourlasante.fr\/wp-content\/uploads\/2015\/05\/baumelou.jpg\"><img loading=\"lazy\" decoding=\"async\" class=\"wp-image-256 aligncenter\" src=\"https:\/\/www.unpaspourlasante.fr\/wp-content\/uploads\/2015\/05\/baumelou.jpg\" alt=\"baumelou\" width=\"119\" height=\"146\" \/><\/a><\/td>\n<td>\u00a0<span style=\"font-family: Helvetica,Arial,sans-serif;\"><span style=\"font-weight: bold;\">Alain Baumelou<\/span><br \/>\n<span id=\"result_box\" class=\"\" lang=\"fr\"><span class=\"hps\">Le Professeur<\/span> <span class=\"hps\">Alain<\/span> <span class=\"hps\">Baumelou<\/span> <span class=\"hps\">est en charge<\/span> <span class=\"hps\">\u00e0 La<\/span> <span class=\"hps\">Piti\u00e9<\/span> <span class=\"hps\">Salp\u00eatri\u00e8re<\/span> <span class=\"hps\">des<\/span> <span class=\"hps\">SPEPS<\/span> <span class=\"hps\">assemblant<\/span><span class=\"hps\"> la sant\u00e9 publique<\/span>, la pharmacie <span class=\"hps\">et les activit\u00e9s<\/span> <span class=\"hps\">de pharmacologie<\/span>. <span class=\"hps\">Il est professeur<\/span> <span class=\"hps\">de n\u00e9phrologie<\/span> <span class=\"hps\">\u00e0 l&#8217;Universit\u00e9<\/span> <span class=\"hps\">Pierre et Marie Curie<\/span> <span class=\"hps atn\">(<\/span>www.upmc.fr) et <span class=\"hps\">membre du comit\u00e9<\/span> <span class=\"hps\">d&#8217;homologation des m\u00e9dicaments<\/span> <span class=\"hps\">fran\u00e7ais.<\/span> <span class=\"hps\">Il \u00e9tait le repr\u00e9sentant<\/span> <span class=\"hps\">fran\u00e7ais<\/span> <span class=\"hps\">\u00e0 proximit\u00e9 de<\/span> <span class=\"hps\">la CEE<\/span>, l&#8217;OMS, <span class=\"hps\">FDA et l&#8217;EMEA<\/span>. <span class=\"hps\">Son<\/span> <span class=\"hps\">domaine de recherche porte sur les<\/span> <span class=\"hps\">maladies r\u00e9nales,<\/span> <span class=\"hps\">pharmacocin\u00e9tiques et<\/span> <span class=\"hps\">pharmacodynamiques<\/span> <span class=\"hps\">des alt\u00e9rations<\/span> <span class=\"hps\">dans l&#8217;insuffisance<\/span> <span class=\"hps\">r\u00e9nale<\/span>, <span class=\"hps\">la n\u00e9phrotoxicit\u00e9<\/span> <span class=\"hps\">des<\/span> <span class=\"hps\">m\u00e9dicaments <\/span><span class=\"hps\">et le syst\u00e8me<\/span> <span class=\"hps\">scientifique et<\/span> <span class=\"hps\">r\u00e9glementaire de<\/span> <span class=\"hps\">l&#8217;\u00e9valuation des m\u00e9dicaments<\/span> <span class=\"hps\">en France<\/span><span class=\"\">.<\/span><\/span><\/span><\/td>\n<\/tr>\n<\/tbody>\n<\/table>\n<p>&nbsp;<\/p>\n<p>&nbsp;<\/p>\n<table style=\"width: 100%;\" border=\"1\">\n<tbody>\n<tr>\n<td style=\"width: 261.5px;\">\u00a0<a href=\"https:\/\/www.unpaspourlasante.fr\/wp-content\/uploads\/2014\/11\/Nouveau-logo-Gustave-Roussy.jpg\"><img loading=\"lazy\" decoding=\"async\" class=\"wp-image-62 aligncenter\" src=\"https:\/\/www.unpaspourlasante.fr\/wp-content\/uploads\/2014\/11\/Nouveau-logo-Gustave-Roussy.jpg\" alt=\"Nouveau-logo-Gustave-Roussy\" width=\"141\" height=\"120\" \/><\/a><\/td>\n<td style=\"width: 905.5px;\"><span style=\"font-family: Helvetica,Arial,sans-serif;\"><span style=\"font-weight: bold;\">Institut Gustave Roussy<\/span><br \/>\nL&#8217;IGR situ\u00e9 \u00e0 Villejuif en r\u00e9gion parisienne est le 1er centre de lutte contre le cancer en Europe.<br \/>\n<\/span><span style=\"font-family: Helvetica,Arial,sans-serif;\">Gustave Roussy est un centre de soins, de recherche et d&#8217;enseignement, qui prend en charge des patients atteints de tout type de cancer.<br \/>\nIl place l\u2019innovation au c\u0153ur d\u2019une r\u00e9volution humaine, scientifique et technologique pour combattre le cancer.<br \/>\nMieux Vivre le Cancer est un programme d\u2019accompagnement et de soutien compl\u00e9mentaire aux soins de support. Il accompagne les<br \/>\npatients tout au long de leur parcours pour les aider \u00e0 mieux vivre la maladie et am\u00e9liorer leur qualit\u00e9 de vie au quotidien pendant la p\u00e9riode de traitement. Il est propos\u00e9 par le D\u00e9partement Interdisciplinaire de Soins de Support aux Patients en Onco-h\u00e9matologie (DISSPO)<\/span><\/td>\n<\/tr>\n<tr>\n<td>\u00a0<a href=\"https:\/\/www.unpaspourlasante.fr\/wp-content\/uploads\/2015\/05\/aphp.jpg\"><img loading=\"lazy\" decoding=\"async\" class=\"alignnone size-medium wp-image-261\" src=\"https:\/\/www.unpaspourlasante.fr\/wp-content\/uploads\/2015\/05\/aphp-300x54.jpg\" alt=\"aphp\" width=\"300\" height=\"54\" srcset=\"https:\/\/www.unpaspourlasante.fr\/wp-content\/uploads\/2015\/05\/aphp-300x54.jpg 300w, https:\/\/www.unpaspourlasante.fr\/wp-content\/uploads\/2015\/05\/aphp-1024x187.jpg 1024w, https:\/\/www.unpaspourlasante.fr\/wp-content\/uploads\/2015\/05\/aphp.jpg 1732w\" sizes=\"auto, (max-width: 300px) 100vw, 300px\" \/><\/a><\/td>\n<td><span style=\"font-family: Helvetica,Arial,sans-serif;\"><span style=\"font-weight: bold;\">Assistance Public Hopitaux de Paris<\/span><br \/>\nLe Centre Int\u00e9gr\u00e9 de M\u00e9decine Chinoise des H\u00f4pitaux Universitaires Piti\u00e9 Salp\u00eatri\u00e8re \u2013 Charles Foix est une unit\u00e9 clinique dont la<br \/>\nmission est de contribuer \u00e0 la pr\u00e9vention et au traitement des maladies chroniques ou difficiles, par l\u2019\u00e9valuation des techniques<br \/>\nde m\u00e9decine chinoise et leur transposition en th\u00e9rapeutique.<br \/>\n<a title=\"APHP\" href=\"http:\/\/www.medecinechinoise.aphp.fr\/\" target=\"_blank\">voir le lien<\/a><br \/>\n<\/span><\/td>\n<\/tr>\n<tr>\n<td>\u00a0<a href=\"https:\/\/www.unpaspourlasante.fr\/wp-content\/uploads\/2015\/05\/FHManhes.png\"><img loading=\"lazy\" decoding=\"async\" class=\" wp-image-262 aligncenter\" src=\"https:\/\/www.unpaspourlasante.fr\/wp-content\/uploads\/2015\/05\/FHManhes.png\" alt=\"FHManhes\" width=\"145\" height=\"111\" \/><\/a><\/td>\n<td><span style=\"font-family: Helvetica,Arial,sans-serif;\"><span style=\"font-weight: bold;\">Centre Hospitalier Henry Man\u00e8s<\/span><br \/>\nSitu\u00e9 dans un parc de dix-sept hectares dans le vieux village de Fleury-M\u00e9rogis, le centre hospitalier Manh\u00e8s est un \u00e9tablissement de sant\u00e9 priv\u00e9 d&#8217;int\u00e9r\u00eat collectif. Il propose des soins de suite et de r\u00e9adaptation dans lesquels s&#8217;inscrivent des ateliers de Qi Gong.<br \/>\n<\/span><\/td>\n<\/tr>\n<tr>\n<td><\/td>\n<td><\/td>\n<\/tr>\n<\/tbody>\n<\/table>\n<p>&nbsp;<\/p>\n<p>&nbsp;<\/p>\n<p>&nbsp;<\/p>\n","protected":false},"excerpt":{"rendered":"<p>L&#8217;initiative &#8220;Un pas pour la sant\u00e9&#8221; les a interpel\u00e9, puis s\u00e9duit puis convaincu. Ils soutiennent aujourd&#8217;hui activement le projet en mettant en avant les atouts des pratiques \u00e9nerg\u00e9tiques, corporelles, sportives ou m\u00e9ditatives dans l&#8217;accompagnement des patients dans la prise en charge de leur \u00e9tat de sant\u00e9. \u00a0 Liu Dong Le Docteur Liu Dong est dipl\u00f4m\u00e9 [&hellip;]<\/p>\n","protected":false},"author":1,"featured_media":0,"parent":0,"menu_order":0,"comment_status":"closed","ping_status":"closed","template":"","meta":{"footnotes":""},"folder":[],"class_list":["post-254","page","type-page","status-publish","hentry"],"_links":{"self":[{"href":"https:\/\/www.unpaspourlasante.fr\/index.php?rest_route=\/wp\/v2\/pages\/254","targetHints":{"allow":["GET"]}}],"collection":[{"href":"https:\/\/www.unpaspourlasante.fr\/index.php?rest_route=\/wp\/v2\/pages"}],"about":[{"href":"https:\/\/www.unpaspourlasante.fr\/index.php?rest_route=\/wp\/v2\/types\/page"}],"author":[{"embeddable":true,"href":"https:\/\/www.unpaspourlasante.fr\/index.php?rest_route=\/wp\/v2\/users\/1"}],"replies":[{"embeddable":true,"href":"https:\/\/www.unpaspourlasante.fr\/index.php?rest_route=%2Fwp%2Fv2%2Fcomments&post=254"}],"version-history":[{"count":21,"href":"https:\/\/www.unpaspourlasante.fr\/index.php?rest_route=\/wp\/v2\/pages\/254\/revisions"}],"predecessor-version":[{"id":323,"href":"https:\/\/www.unpaspourlasante.fr\/index.php?rest_route=\/wp\/v2\/pages\/254\/revisions\/323"}],"wp:attachment":[{"href":"https:\/\/www.unpaspourlasante.fr\/index.php?rest_route=%2Fwp%2Fv2%2Fmedia&parent=254"}],"wp:term":[{"taxonomy":"folder","embeddable":true,"href":"https:\/\/www.unpaspourlasante.fr\/index.php?rest_route=%2Fwp%2Fv2%2Ffolder&post=254"}],"curies":[{"name":"wp","href":"https:\/\/api.w.org\/{rel}","templated":true}]}}