{"id":156,"date":"2014-11-27T21:50:18","date_gmt":"2014-11-27T20:50:18","guid":{"rendered":"http:\/\/www.ethicnews.org\/wordpress_xixihu\/?page_id=156"},"modified":"2020-05-06T16:35:24","modified_gmt":"2020-05-06T15:35:24","slug":"associations","status":"publish","type":"page","link":"https:\/\/www.unpaspourlasante.fr\/?page_id=156","title":{"rendered":"Participez"},"content":{"rendered":"<p><span style=\"color: #008000;\"><strong>En individuel ,<\/strong> vous souhaitez participer \u00e0 cette aventure &#8220;Ensemble, un pas pour la sant\u00e9&#8221; et <strong>rejoindre<\/strong> une marche.<\/span><\/p>\n<p><strong>F\u00e9licitation ! Laissez nous vos coordonn\u00e9es dans le formulaire \u00e0 droite et n&#8217;h\u00e9sitez pas \u00e0 consulter la carte des marches publi\u00e9e \u00e0 partir du d\u00e9but du mois de mai.<\/strong><\/p>\n<p><span style=\"color: #008000;\"><strong>En\u00a0association ,<\/strong>\u00a0vous souhaitez participer \u00e0 cette aventure &#8220;Ensemble, un pas pour la sant\u00e9&#8221; et <strong>organiser<\/strong> une marche.<\/span><\/p>\n<p>D\u00e9j\u00e0 plusieurs dizaines d&#8217;associations de diff\u00e9rents pays nous ont rejointes et nous serons plusieurs centaines \u00e0 faire un pas pour la sant\u00e9.<\/p>\n<p>Cette d\u00e9cision vous positionne clairement dans une d\u00e9marche de communication de votre activit\u00e9 pour l&#8217;entretien de la sant\u00e9.<\/p>\n<p>Que vous organisiez ou participiez \u00e0 un regroupement dans votre ville en juin prochain, la d\u00e9marche est simple.<\/p>\n<p>Il suffit de\u00a0remplir le formulaire ci-dessous, vous appara\u00eetrez sur la liste et la carte des participants avec votre logo et votre activit\u00e9 :<\/p>\n<p>[contact-form-7 id=&#8221;46&#8243; title=&#8221;formulaire association&#8221;]<\/p>\n<p>Vous pouvez d&#8217;ores et d\u00e9j\u00e0, placer un lien vers ce site en collant sur votre page le code suivant :<\/p>\n<div>&lt;a href=&#8221;<a href=\"https:\/\/www.unpaspourlasante.fr\/\" target=\"_blank\" rel=\"noopener noreferrer\">https:\/\/www.unpaspourlasante.fr<\/a>&#8220;&gt;&lt;img class=&#8221;alignnone size-full wp-image-182&#8243; src=&#8221;<a href=\"https:\/\/www.unpaspourlasante.fr\/wp-content\/uploads\/2014\/12\/bannieruppls_03.gif\" target=\"_blank\" rel=\"noopener noreferrer\">https:\/\/www.unpaspourlasante.fr\/wp-content\/uploads\/2014\/12\/bannieruppls_03.gif<\/a>&#8221; alt=&#8221;bannieruppls_03&#8243; width=&#8221;290&#8243; height=&#8221;115&#8243; \/&gt;&lt;\/a&gt;<\/div>\n<div><\/div>\n<p>Pendant toutes les semaines qui vont pr\u00e9c\u00e9der le\u00a0mois de juin, tenez nous inform\u00e9 du nombre de participants ayant exprim\u00e9s leur intention, le nombre total est important pour la communication de cet \u00e9v\u00e9nement.<\/p>\n<h3><strong>Surtout, pendant vos marches, envoyez nous des photos\/videos pour que nous r\u00e9alisions un carroussel qui sera massivement partag\u00e9 avec vos photos et vos coordonn\u00e9es.<\/strong><\/h3>\n<p><span style=\"color: #ff0000;\">Si vous avez une page Facebook<\/span><\/p>\n<p>Nous vous conseillons \u00e0 cr\u00e9er un \u00e9v\u00e9nement Facebook en indiquant &#8220;Ensemble, un pas pour la sant\u00e9&#8221; en coorganisateur. Nous relaierons votre \u00e9v\u00e9nement et vous en augmenterez la visibilit\u00e9.<\/p>\n<p>Nous serons nombreux\u00a0\u00a0\u00a0\u00a0\u00a0\u00a0\u00a0\u00a0\u00a0\u00a0\u00a0\u00a0\u00a0\u00a0\u00a0\u00a0\u00a0\u00a0\u00a0\u00a0\u00a0\u00a0\u00a0\u00a0\u00a0\u00a0 Nous serons solidaires<\/p>\n","protected":false},"excerpt":{"rendered":"<p>En individuel , vous souhaitez participer \u00e0 cette aventure &#8220;Ensemble, un pas pour la sant\u00e9&#8221; et rejoindre une marche. F\u00e9licitation ! Laissez nous vos coordonn\u00e9es dans le formulaire \u00e0 droite et n&#8217;h\u00e9sitez pas \u00e0 consulter la carte des marches publi\u00e9e \u00e0 partir du d\u00e9but du mois de mai. En\u00a0association ,\u00a0vous souhaitez participer \u00e0 cette aventure [&hellip;]<\/p>\n","protected":false},"author":1,"featured_media":0,"parent":0,"menu_order":0,"comment_status":"closed","ping_status":"closed","template":"","meta":{"footnotes":""},"folder":[],"class_list":["post-156","page","type-page","status-publish","hentry"],"_links":{"self":[{"href":"https:\/\/www.unpaspourlasante.fr\/index.php?rest_route=\/wp\/v2\/pages\/156","targetHints":{"allow":["GET"]}}],"collection":[{"href":"https:\/\/www.unpaspourlasante.fr\/index.php?rest_route=\/wp\/v2\/pages"}],"about":[{"href":"https:\/\/www.unpaspourlasante.fr\/index.php?rest_route=\/wp\/v2\/types\/page"}],"author":[{"embeddable":true,"href":"https:\/\/www.unpaspourlasante.fr\/index.php?rest_route=\/wp\/v2\/users\/1"}],"replies":[{"embeddable":true,"href":"https:\/\/www.unpaspourlasante.fr\/index.php?rest_route=%2Fwp%2Fv2%2Fcomments&post=156"}],"version-history":[{"count":23,"href":"https:\/\/www.unpaspourlasante.fr\/index.php?rest_route=\/wp\/v2\/pages\/156\/revisions"}],"predecessor-version":[{"id":1295,"href":"https:\/\/www.unpaspourlasante.fr\/index.php?rest_route=\/wp\/v2\/pages\/156\/revisions\/1295"}],"wp:attachment":[{"href":"https:\/\/www.unpaspourlasante.fr\/index.php?rest_route=%2Fwp%2Fv2%2Fmedia&parent=156"}],"wp:term":[{"taxonomy":"folder","embeddable":true,"href":"https:\/\/www.unpaspourlasante.fr\/index.php?rest_route=%2Fwp%2Fv2%2Ffolder&post=156"}],"curies":[{"name":"wp","href":"https:\/\/api.w.org\/{rel}","templated":true}]}}